 34. Let m = z + -13. Suppose m = 2*h - 0*h. List the prime factors of h.
5
Let f(a) = 72*a**2. Let t(k) = -k - 9. Let c be t(-8). Let q be f(c). Suppose 0 = -5*m + 3*u + 51, -4*u + q = m + 4*m. What are the prime factors of m?
2, 3
Let g = 58 + -37. What are the prime factors of g?
3, 7
Let u = 15 + -5. Suppose 0 = -2*s + u + 20. Suppose -2*z = -5*z + s. What are the prime factors of z?
5
Let d be 48/(-20) + (-4)/(-10). List the prime factors of ((-7)/(21/150))/d.
5
Suppose 6*h = 12*h - 366. List the prime factors of h.
61
Let j = -9 - -31. Let a = j + -9. What are the prime factors of a?
13
Suppose l + 5*f = -22, -3*l + f + 0*f = 2. List the prime factors of 9*(-1)/l*2.
3
Let q(v) = 2*v + 7. Let h be q(-5). Let z(p) = p**2 - p**3 + 2*p + 2 - 3*p**2 - 3*p - p**2. List the prime factors of z(h).
5
Suppose 0 = z + z - 168. What are the prime factors of z?
2, 3, 7
Let c(f) = f**2 + 4*f + 3. Let k be c(-2). Let q(o) = -6*o. List the prime factors of q(k).
2, 3
Suppose -r = -35 + 19. List the prime factors of r.
2
Let u = -2 - -1. Let d(q) = -4*q**3 - 2*q**2 - q. Let b be d(u). Suppose b*z - 6 = z. What are the prime factors of z?
3
Let q = -10 + 12. Suppose -3*h - q*h = r + 22, 3*h + 24 = 3*r. What are the prime factors of r?
3
Suppose -12 = -0*g - 3*g. List the prime factors of 0/(3 - g) - -3.
3
Suppose -f = 4*a - 0*f - 40, -4*f - 38 = -2*a. Let w = 44 + -36. Let u = a - w. List the prime factors of u.
3
Let i = -362 + 643. What are the prime factors of i?
281
Suppose -2*v = -v - 23. What are the prime factors of v?
23
Let l(c) = 10*c + 3. Let z be l(-3). Let i = -12 - z. List the prime factors of i.
3, 5
Let x(o) = -14*o - 92. What are the prime factors of x(-20)?
2, 47
Let p = 6 - 1. Suppose -p*s = 14 - 54. List the prime factors of s.
2
Let r(g) = g**3 - 13*g**2 + 10*g + 4. What are the prime factors of r(13)?
2, 67
Let f = 17 + -16. Let n = f + 28. List the prime factors of n.
29
Suppose 3*x - 74 = 175. What are the prime factors of x?
83
Let q(n) = 4*n + 1. What are the prime factors of q(3)?
13
Suppose 0 = 9*p - 531 - 81. List the prime factors of p.
2, 17
Let f(a) = -101*a - 3. Let i(c) = -51*c - 2. Let j(w) = -4*f(w) + 7*i(w). List the prime factors of j(1).
3, 5
Suppose 4*l = -0*l + 152. What are the prime factors of l?
2, 19
Suppose -l = u - 5*u - 59, 2*u = -2. List the prime factors of l.
5, 11
Let n = 14 - 10. What are the prime factors of n?
2
Let f(c) = c**2 + 5*c - 4. Let b be f(-5). Let n be (-3)/((-3)/(-1 - b)). Suppose 0 = n*g + 9, 5*m - 2*g + 0*g = 76. What are the prime factors of m?
2, 7
Suppose -20*m + 1716 = -9*m. What are the prime factors of m?
2, 3, 13
Suppose -4*c + 100 + 56 = 0. What are the prime factors of c?
3, 13
Let r(q) = -q**3 + 8*q**2 - 2*q - 10. Let l be r(7). Let h = l + -9. What are the prime factors of h?
2
Let r be 3 + (-6)/2 - 0. Suppose -x - 13 + 71 = r. What are the prime factors of x?
2, 29
Let p(w) = -12*w - 7. Let i be p(-5). Suppose -3*h - 11 = -i. Let q = 25 - h. List the prime factors of q.
11
Let m be (-1)/5 + 1255/25. Suppose -a + 3*a = m. What are the prime factors of a?
5
Suppose -4*q + 0*q = -128. List the prime factors of q.
2
Let f be (-16)/(-40) - 8/(-5). Suppose w - 5*w - 4 = 0. What are the prime factors of f/((-10)/(-6) + w)?
3
Let g(f) be the third derivative of f**5/60 + f**4/8 - 3*f**2. What are the prime factors of g(-4)?
2
Let x = 7 + -3. Let p = x - -2. Suppose p*g = g + 30. List the prime factors of g.
2, 3
Let w(r) = -r**2 + 22*r - 16. What are the prime factors of w(17)?
3, 23
Suppose 3*z - 120 = -2*l, 2*l + 2*l = -5*z + 236. Suppose -5*b + 97 = 3*w, -4*b + 3*w + l = -29. List the prime factors of b.
2, 5
Let g be ((-6)/(-10))/((-6)/(-30)). Suppose -5*p - 2*t = 39, -p - 16 + g = 3*t. List the prime factors of p - -1 - -3 - -11.
2
Suppose 3 + 4 = i. Suppose 5*q - 13 = i, 4*a = -3*q + 180. What are the prime factors of a?
2, 3, 7
Let f(d) = -84*d**2 - 5*d - 5. Let q be f(-5). Let g be (-2)/(-9) - q/36. Suppose -4*w - 18 = -g. What are the prime factors of w?
2, 5
Let m be (-1 + 3 + -2)/(-2). Suppose 0 = q + 2*o - 5*o, 2*q + 4*o - 10 = 0. Let l = q + m. List the prime factors of l.
3
Let m(g) = -g**3 + 4*g**2 + 3*g - 10. Let o be m(4). Let c(d) = 4*d**3 + 2*d**2. List the prime factors of c(o).
2, 5
Suppose -671 - 1303 = -6*a. What are the prime factors of a?
7, 47
Let s = 4 - 3. Let h = 14 - s. List the prime factors of h.
13
Let c = -2 + 5. Suppose r - c = -2*r. Suppose 8 = p - r. What are the prime factors of p?
3
Let l = -5 + 8. Let r be 4/6*l - -4. Let q = 15 + r. List the prime factors of q.
3, 7
Let v(b) = b**2 - 6*b + 3. Let u be v(6). Suppose h + u*n = 10 + 4, 2*h - 5*n = 6. What are the prime factors of (-6)/h + 95/4?
23
Let s(z) = z - 5. Let g be s(8). Let j be 2/(g/(-5) - -1). Let q = j + -1. List the prime factors of q.
2
Let r = -7 + 12. Suppose 3*a - 3*d = 30, -5*d + 55 = r*a - 5. List the prime factors of a.
11
Let a = 11 + 138. Let m = a - 99. Suppose 0*x = x - v - 8, 4*x + 5*v = m. What are the prime factors of x?
2, 5
Let v be (2 + 1)*(-21)/(-9). Suppose v*j + 48 = 9*j. List the prime factors of j.
2, 3
Let x be 0 - 3*(-2 - -1). Suppose 7 = -5*u + i, 2 + x = u + 3*i. Let b = u - -6. What are the prime factors of b?
5
Let t(a) = 4*a**2 - 2*a - 3. What are the prime factors of t(-2)?
17
Let a be (-4)/(-6) + 120/9. Let x(d) = -d**3 + 6*d**2 - 4*d - 3. Let m be x(5). Suppose m*u - a = 10. What are the prime factors of u?
2, 3
Let d(r) = -38*r - 8. Let n(a) = -13*a - 3. Let k(v) = -6*d(v) + 17*n(v). Let x be k(2). Let g = x - 2. What are the prime factors of g?
3
Let c(t) = -t**3 - 7*t**2 - 7*t - 3. Let h be c(-6). Suppose 0 = -0*f - h*f + 78. What are the prime factors of f?
2, 13
Suppose -6*j = -j + 25, 55 = b - j. List the prime factors of b.
2, 5
Suppose 2*u = -4*m + 214, m - 3*m + 208 = 2*u. List the prime factors of u.
101
Suppose 0 = 2*s + 6 - 14. Let g(a) = -a**3 + 6*a**2 - a - 5. What are the prime factors of g(s)?
23
Let j(u) = 6*u**3 - u**2 + 2*u + 6. What are the prime factors of j(3)?
3, 5, 11
Suppose -2*j + 4*j - 32 = 0. Let w(c) = c + 12. Let x be w(-12). Suppose x = -4*b + 32 + j. List the prime factors of b.
2, 3
Let t(f) = 2*f**2 - 3*f + 1. Let r be t(2). Suppose r*g = 1 + 14. List the prime factors of -7 + g + (-11)/(-1).
3
Suppose -5*n - 4*i = -109, 9 = -4*i - 7. What are the prime factors of n?
5
Let c(r) = -r - 7. Let y be c(-9). List the prime factors of (-204)/(-26) - y/(-13).
2
What are the prime factors of (3/(-2))/((-4)/112)?
2, 3, 7
Suppose 7*s = 2*s. Let r = -64 - -109. Suppose -b = 3*b + 2*a - 62, s = 3*b + 2*a - r. List the prime factors of b.
17
Suppose 39 - 3 = 3*b. Let a(x) = -3*x. Let k be a(-1). Suppose -3*m = 3*o + 3, 4*m + b = o - k*o. List the prime factors of o.
2
Let o = -145 + 296. Let n = -108 + o. List the prime factors of n.
43
Suppose 0*j + 3*j = 6. Let y(l) = -5*l + 3*l - j - 5*l + l**2. List the prime factors of y(8).
2, 3
Suppose -d + 15 = 2*d. Suppose d*z - 7 - 33 = 0. Suppose q + q - z = 0. List the prime factors of q.
2
Suppose 0 = -5*h - 0*h. Suppose h*y - 3*y = -60. List the prime factors of 54/8 + 5/y.
7
Let s = 5 - 10. Let q(m) = -2 + 3*m + 0 - 4*m. What are the prime factors of q(s)?
3
Let y(f) = -2*f - 3. Suppose 3*s - 5*s = -6. Suppose 5*u - s*n = -28, -u + 0*u - 5*n = 0. What are the prime factors of y(u)?
7
List the prime factors of 33/22*44/3.
2, 11
Let f(p) = -16*p - 13. List the prime factors of f(-4).
3, 17
Suppose -7*h + 554 = -580. List the prime factors of h.
2, 3
Let r(v) = -13*v - 28. Let d(g) = -9*g - 19. Let b(x) = 7*d(x) - 5*r(x). What are the prime factors of b(12)?
31
Let n(b) = -4*b**3 + 5*b**3 + 7*b**2 - 9*b - 2 - b**2. List the prime factors of n(-7).
2, 3
Suppose 2*f + 10 = 7*q - 3*q, 3*q = -3*f + 30. Suppose 0 = -q*b - 51 + 191. List the prime factors of b.
2, 7
Let g = 83 - -9. What are the prime factors of g?
2, 23
Let n be (3 + 26)/((-1)/(-3)). Suppose 0 = 2*b - 5*g - 95, 4*b - 2*g = 63 + n. Suppose k + 5*o - b = -4*k, -4*k - 2*o + 24 = 0. What are the prime factors of k?
5
Let j = 0 - -22. What are the prime factors of j?
2, 11
Let h be 2/9 + 86/18. Suppose 0 = 4*d + 2*z - 18, -5*d + d = h*z - 27. Suppose 0 = -d*n - n + 20. List the prime factors of n.
5
Let f be (3/(-2))/((-3)/